lculate the remainder when (-1)/2*1*-58 is divided by m.
14
Suppose b - 7 = 2*b - 5*t, 5*b - 3*t - 75 = 0. What is the remainder when 52 is divided by b?
16
Let f(m) = m**2 + 6*m + 2. Suppose 12 + 10 = -2*a. What is the remainder when f(a) is divided by 15?
12
Suppose 3*y = -25 + 103. Calculate the remainder when 101 is divided by y.
23
Let x = 33 + -18. Calculate the remainder when 41 is divided by x.
11
Let z = -6 + 10. Let l = -1 + z. Calculate the remainder when 5 is divided by l.
2
Let m = -5 - -1. Let w be (42/(-9))/(m/6). Let v = w - -12. What is the remainder when v is divided by 7?
5
Suppose 88 = 4*y + 4*y. Calculate the remainder when 0 - (-40 + 1 + -2) is divided by y.
8
Let z = 58 + -30. Calculate the remainder when z is divided by (-30)/(-8)*16/6.
8
Let i be 3*(3 + -4) - -10. Suppose -2*c = -i*c + 295. Let f = -37 + c. What is the remainder when f is divided by 8?
6
Let a = 50 + -20. Calculate the remainder when 118 is divided by a.
28
Suppose -2*c - c - 14 = 2*j, 3*j - 5*c - 17 = 0. Let g be 0*j/2 + -14. What is the remainder when 1/(-1)*(g - 4) is divided by 7?
4
Calculate the remainder when 41 is divided by 15/(-3) - (4 - 24).
11
Suppose -3*g - 42 - 19 = -4*z, -z + 5*g = 6. Calculate the remainder when 40 + (-2)/(-4)*-10 is divided by z.
16
Suppose 7*i - 216 + 76 = 0. Let t(q) = 3*q**2 - 3*q + 3. Calculate the remainder when t(4) is divided by i.
19
Let y be (-1 - 167)*(-1)/(-2). Let n = 21 + y. What is the remainder when 21 is divided by 1/(2 + n/33)?
10
Suppose 2*x = 53 + 85. Let q(d) = d**2 + 8*d + 4. Calculate the remainder when x is divided by q(-10).
21
Let u(x) = -3*x - 14. Let c = -8 - 2. Suppose -141 = -2*q - q. Calculate the remainder when q is divided by u(c).
15
Suppose -16 + 41 = 5*g. Suppose 52 = 5*s + 3*p, 3*s + g*p = s + 17. Let f = 13 + -7. What is the remainder when s is divided by f?
5
Let a = -8 + 10. Let r(n) = n**2 + 64. Let m be r(0). Suppose 2*y - m = -a*y. What is the remainder when y is divided by 6?
4
Suppose -3*x + 27 = -4*j, 5*x = -0*x + 5*j + 45. What is the remainder when 28 is divided by x?
1
Let j = 1 - -1. Calculate the remainder when -2*(-20 - (j + -1)) is divided by 22.
20
Suppose 5*k - 4*y = 139, -3*k = k - y - 120. Suppose -a + 16 = a. Calculate the remainder when k is divided by a.
7
Let g(v) = 38*v**2 + 2*v + 1. Calculate the remainder when g(-1) is divided by (-600)/(-48)*(1 - 3/(-5)).
17
What is the remainder when 20 is divided by 2/(45/(-55) - -1)?
9
Let y = -23 + 40. Suppose 2*n + 2*o + 3*o - 86 = 0, 12 = 3*o. What is the remainder when n is divided by y?
16
Let y(j) = j**3 - 13*j**2 + 14*j + 3. Let h be y(12). Suppose -13*x - h = -16*x. What is the remainder when x is divided by 3?
0
Let l(o) = -o**3 - 4*o**2 + 5*o + 4. Let q be l(-5). Suppose 5*m = q*s - 50, -2*m + 4 = s - 2. Let c = 26 + 2. Calculate the remainder when c is divided by s.
8
Let g(p) = -11*p - 1. What is the remainder when g(-1) is divided by (-9)/(-15) - (-27)/5?
4
Let u(k) = -k**3 + 2*k - 1. Let g be u(-2). Suppose x - 12 = -g*x. What is the remainder when 10 is divided by x?
1
Let m(v) = -v + 7. Let o be m(6). Suppose 3*k + o = -11, -5*p - k + 21 = 0. What is the remainder when 19 is divided by p?
4
Let u = 18 - -1. Let v(h) = -4*h + 1. Let x(c) = -c**3 + c**2 + 2*c - 1. Let z be x(2). Calculate the remainder when u is divided by v(z).
4
Suppose 5 = 3*y - 10. Let m = -3 - -6. Suppose 0 = m*k - y*n - 2 - 1, -2*k - 2*n = -18. What is the remainder when 10 is divided by k?
4
Let j(c) = c**3 + 5*c**2 - 5*c + 5. Let n be j(-6). What is the remainder when (-2 - -21 - n) + 1 is divided by (3 - 1)/(-2 + 48/22)?
10
Suppose -5*g + 6 + 60 = -i, -48 = -4*g + 2*i. Calculate the remainder when 54 is divided by g.
12
Let r(d) = -d**3 - 6*d**2 + 4*d - 3. Let y be (8 - 7)/(2/4). Suppose y*a - 208 = -2*a. What is the remainder when a is divided by r(-7)?
16
Suppose -8 = -b + 3*z + 9, 13 = b - z. Let n = b - 8. Suppose -4*h = -8, n*a + 19 = -h + 51. Calculate the remainder when a is divided by 4.
2
What is the remainder when 33 is divided by (1 - -2)*(-3)/(-1)?
6
Let n(m) = 7*m**3 - 3*m**2 - m + 2. Calculate the remainder when n(2) is divided by 23.
21
Suppose -v + 5*v - 36 = 0. What is the remainder when 84 is divided by v?
3
Let h = 82 - 9. What is the remainder when h is divided by 19?
16
Let q = 23 + 50. Calculate the remainder when q is divided by 32.
9
Let w = 7 - 0. Let f = -26 - -37. Suppose -6*j - 5*k = -4*j - f, -5*j + 2*k = -71. Calculate the remainder when j is divided by w.
6
Let k = -41 - -44. What is the remainder when 9 is divided by k?
0
Let c be 322/8 + (-1)/4. Let w be 60 + -1 + (3 - 0). Let t = w - c. What is the remainder when 42 is divided by t?
20
Let i = -145 - -213. What is the remainder when i is divided by 23?
22
Suppose 11*x - 585 = -4*x. What is the remainder when 155 is divided by x?
38
Let q(t) = -t**2 - 11*t + 4. Let z(s) = s**2 - 13*s + 12. Let c be 4/((-4)/(-2)) - -11. Calculate the remainder when q(-6) is divided by z(c).
10
Let n be (-3 - -6) + 2 - 2. Let d(v) = -3*v**n - v**3 + 5*v + 7*v**2 + 7*v + 3*v**3 - 12. What is the remainder when d(8) is divided by 11?
9
Let v(w) = -w**3 + 6*w**2 - 2*w - 1. Calculate the remainder when 58 is divided by v(3).
18
What is the remainder when -7 + 3 - -5*2 is divided by 3?
0
Suppose 2 = g + g + 2*n, 3*g - 2*n - 23 = 0. Suppose -2*k = -g*s + 92, k - 4*k - 4*s - 138 = 0. Let l = k + 83. Calculate the remainder when l is divided by 13.
11
Suppose 0 = 5*k - k - 96. Let z = k - 11. Calculate the remainder when 49 is divided by z.
10
Let o(b) = 9*b + 38. Calculate the remainder when o(5) is divided by 17.
15
Let j(o) = -o**3 - 5*o**2 - 2*o - 7. Let y be j(-5). Suppose 5*k - y*c = 13, 2*k = -k - 4*c + 2. What is the remainder when k is divided by 2?
0
Suppose -5*w + 14 - 4 = 0. Suppose -104 = -4*l - 12. What is the remainder when l is divided by 13 - (w - (-1 + 2))?
11
Suppose -3*g + 2*l - 2 = 0, -3*l + 0*l = -g - 10. What is the remainder when 58 is divided by (3/g)/((-3)/(-40))?
18
Let g(a) = 19*a + 9*a - 24*a. Suppose 3*c - 6 = -0*c. Calculate the remainder when 15 is divided by g(c).
7
What is the remainder when 24*-6*(-4)/36 is divided by 9?
7
Let d(f) = f**3 - 6*f**2 + 3*f + 5. Let j be d(6). Let q be (-5)/20 + (-351)/(-12). Let n = q + j. Calculate the remainder when n is divided by 18.
16
Let r(b) = 3*b**2 - 4*b - 6. Let m be r(6). Suppose m = -5*t + 308. What is the remainder when t is divided by 12?
10
Suppose 3*o - 3*c = -4*c + 17, 0 = 5*c - 25. Calculate the remainder when (-80)/(-1) + o + -1 is divided by 28.
27
Suppose 0 = -3*j + f + 160, 4*j - 158 = j + 2*f. What is the remainder when j is divided by 19?
16
Let t(g) = 2*g**2 - 3*g - 7. Let i(b) = b**2 - 4. Calculate the remainder when t(6) is divided by i(-4).
11
Suppose -v + 4 + 4 = u, -2*v + 28 = 3*u. Let n = 24 - u. Calculate the remainder when 23 is divided by n.
11
Let z be (42/(-35))/(6/(-20)). Suppose -43 = -z*n + 21. What is the remainder when 45 is divided by n?
13
Suppose 0 = 3*f + 9, 20 + 1 = 4*l + f. What is the remainder when 11 is divided by l?
5
Let n(q) = q**3 + 7*q**2 - 6*q + 7. Let h be n(-7). Let w = 75 - h. Calculate the remainder when 50 is divided by w.
24
Suppose -u + 12 = 3*u. Let a(n) = n**3 - 4*n**2 + 5*n - 3. What is the remainder when 8/2*6/(96/28) is divided by a(u)?
1
Let c(i) = i**3 + 9*i**2 - 10*i + 14. Calculate the remainder when 27 is divided by c(-10).
13
Calculate the remainder when -84*(4/10)/(4/(-5)) is divided by 22.
20
Suppose -l - 5*n - 16 = 0, 2*l + 2 - 9 = 3*n. Let i = l - -5. Suppose 5 = -2*m - 5*x, 2*m - 2*x + i = 4*m. What is the remainder when 9 is divided by m?
4
Let u(m) be the second derivative of m**4/12 - m**3 - 7*m**2/2 - 2*m. What is the remainder when 17 is divided by u(8)?
8
Let s = 13 + -4. Suppose 35 = 3*o + u, 58 = 4*o - u + s. Calculate the remainder when 35 is divided by o.
11
Let w(i) = i**2 + 3. Let x = -7 + 4. Calculate the remainder when (81/6 - 2)*2 is divided by w(x).
11
Let w(h) = h**3 - h + 6. Let g be w(0). Let f = -2 + g. Suppose 4*v - 5*z = 64, v + f*z - 61 = -24. Calculate the remainder when v is divided by 11.
10
Suppose 45 = 5*n + 4*g, 0 = -3*n - 5*g + g + 27. Let h be (-74)/8 + 1/4. Calculate the remainder when (-206)/(-6